{"id":99,"date":"2018-04-27T21:46:23","date_gmt":"2018-04-27T19:46:23","guid":{"rendered":"\/tg\/wellensittich\/"},"modified":"2019-01-03T11:20:38","modified_gmt":"2019-01-03T10:20:38","slug":"wellensittich","status":"publish","type":"page","link":"https:\/\/www.tiergehege-kaisergarten.de\/tg\/unsere-tiere\/voegel\/wellensittich\/","title":{"rendered":"Wellensittich"},"content":{"rendered":"<p><em><strong>Melopsittacus undulatus<\/strong><\/em><\/p>\n<p><a href=\"\/tg\/wp-content\/uploads\/sites\/3\/2014\/01\/nabit_karte_wellensittich.jpg\"><img decoding=\"async\" class=\"alignright size-medium wp-image-1533\" src=\"\/tg\/wp-content\/uploads\/sites\/3\/2014\/01\/nabit_karte_wellensittich-300x120.jpg\" alt=\"Verbreitungsgebiet des Wellensittichs\" width=\"300\" height=\"120\" srcset=\"https:\/\/www.tiergehege-kaisergarten.de\/tg\/wp-content\/uploads\/2014\/01\/nabit_karte_wellensittich-300x120.jpg 300w, https:\/\/www.tiergehege-kaisergarten.de\/tg\/wp-content\/uploads\/2014\/01\/nabit_karte_wellensittich-150x60.jpg 150w, https:\/\/www.tiergehege-kaisergarten.de\/tg\/wp-content\/uploads\/2014\/01\/nabit_karte_wellensittich-768x307.jpg 768w, https:\/\/www.tiergehege-kaisergarten.de\/tg\/wp-content\/uploads\/2014\/01\/nabit_karte_wellensittich-700x280.jpg 700w, https:\/\/www.tiergehege-kaisergarten.de\/tg\/wp-content\/uploads\/2014\/01\/nabit_karte_wellensittich.jpg 1300w\" sizes=\"(max-width: 300px) 100vw, 300px\" \/><\/a>Wellensittiche sind die am h\u00e4ufigsten in Menschenobhut gehaltenen Papageien. Im Jahre 1840 gelangten die ersten V\u00f6gel nach Europa und seither werden sie hier in zahlreichen Farben gez\u00fcchtet. Die Wildv\u00f6gel sind stets gr\u00fcn mit wellenf\u00f6rmigen gelben und schwarzen Streifen. In ihrer Heimat leben die geselligen V\u00f6gel in gro\u00dfen Trupps, die bei l\u00e4ngerer Trockenheit gemeinsam in feuchtere Regionen wandern. Nach gr\u00f6\u00dferen Regenf\u00e4llen, wenn genug Nahrung vorhanden ist, beginnt die Brutzeit. In Baumh\u00f6hlen br\u00fctet das Weibchen bis zu acht Eier aus. Zur Nahrungssuche laufen die V\u00f6gel st\u00e4ndig schwatzend auf dem Boden umher, w\u00e4hrend sie sich zum Ruhen und bei Gefahr in die B\u00e4ume zur\u00fcckziehen.<\/p>\n","protected":false},"excerpt":{"rendered":"<p>I\u00dft der Papst katholisch?<\/p>\n <a class=\"more-link\" href=\"https:\/\/www.tiergehege-kaisergarten.de\/tg\/unsere-tiere\/voegel\/wellensittich\/\"><span class=\"more-msg\">Weiterlesen &rarr;<\/span><\/a>","protected":false},"author":2,"featured_media":1330,"parent":52,"menu_order":0,"comment_status":"closed","ping_status":"closed","template":"","meta":{"footnotes":""},"class_list":["post-99","page","type-page","status-publish","has-post-thumbnail","hentry"],"_links":{"self":[{"href":"https:\/\/www.tiergehege-kaisergarten.de\/tg\/wp-json\/wp\/v2\/pages\/99","targetHints":{"allow":["GET"]}}],"collection":[{"href":"https:\/\/www.tiergehege-kaisergarten.de\/tg\/wp-json\/wp\/v2\/pages"}],"about":[{"href":"https:\/\/www.tiergehege-kaisergarten.de\/tg\/wp-json\/wp\/v2\/types\/page"}],"author":[{"embeddable":true,"href":"https:\/\/www.tiergehege-kaisergarten.de\/tg\/wp-json\/wp\/v2\/users\/2"}],"replies":[{"embeddable":true,"href":"https:\/\/www.tiergehege-kaisergarten.de\/tg\/wp-json\/wp\/v2\/comments?post=99"}],"version-history":[{"count":4,"href":"https:\/\/www.tiergehege-kaisergarten.de\/tg\/wp-json\/wp\/v2\/pages\/99\/revisions"}],"predecessor-version":[{"id":6063,"href":"https:\/\/www.tiergehege-kaisergarten.de\/tg\/wp-json\/wp\/v2\/pages\/99\/revisions\/6063"}],"up":[{"embeddable":true,"href":"https:\/\/www.tiergehege-kaisergarten.de\/tg\/wp-json\/wp\/v2\/pages\/52"}],"wp:featuredmedia":[{"embeddable":true,"href":"https:\/\/www.tiergehege-kaisergarten.de\/tg\/wp-json\/wp\/v2\/media\/1330"}],"wp:attachment":[{"href":"https:\/\/www.tiergehege-kaisergarten.de\/tg\/wp-json\/wp\/v2\/media?parent=99"}],"curies":[{"name":"wp","href":"https:\/\/api.w.org\/{rel}","templated":true}]}}

<p><em><strong>Melopsittacus undulatus</strong></em></p>
<p><a href="/tg/wp-content/uploads/sites/3/2014/01/nabit_karte_wellensittich.jpg"><img decoding="async" class="alignright size-medium wp-image-1533" src="/tg/wp-content/uploads/sites/3/2014/01/nabit_karte_wellensittich-300x120.jpg" alt="Verbreitungsgebiet des Wellensittichs" width="300" height="120" srcset="https://www.tiergehege-kaisergarten.de/tg/wp-content/uploads/2014/01/nabit_karte_wellensittich-300x120.jpg 300w, https://www.tiergehege-kaisergarten.de/tg/wp-content/uploads/2014/01/nabit_karte_wellensittich-150x60.jpg 150w, https://www.tiergehege-kaisergarten.de/tg/wp-content/uploads/2014/01/nabit_karte_wellensittich-768x307.jpg 768w, https://www.tiergehege-kaisergarten.de/tg/wp-content/uploads/2014/01/nabit_karte_wellensittich-700x280.jpg 700w, https://www.tiergehege-kaisergarten.de/tg/wp-content/uploads/2014/01/nabit_karte_wellensittich.jpg 1300w" sizes="(max-width: 300px) 100vw, 300px" /></a>Wellensittiche sind die am häufigsten in Menschenobhut gehaltenen Papageien. Im Jahre 1840 gelangten die ersten Vögel nach Europa und seither werden sie hier in zahlreichen Farben gezüchtet. Die Wildvögel sind stets grün mit wellenförmigen gelben und schwarzen Streifen. In ihrer Heimat leben die geselligen Vögel in großen Trupps, die bei längerer Trockenheit gemeinsam in feuchtere Regionen wandern. Nach größeren Regenfällen, wenn genug Nahrung vorhanden ist, beginnt die Brutzeit. In Baumhöhlen brütet das Weibchen bis zu acht Eier aus. Zur Nahrungssuche laufen die Vögel ständig schwatzend auf dem Boden umher, während sie sich zum Ruhen und bei Gefahr in die Bäume zurückziehen.</p>

<p>Ißt der Papst katholisch?</p>
 <a class="more-link" href="https://www.tiergehege-kaisergarten.de/tg/unsere-tiere/voegel/wellensittich/"><span class="more-msg">Weiterlesen &rarr;</span></a>
